{"id":105,"date":"2020-10-22T16:44:32","date_gmt":"2020-10-22T14:44:32","guid":{"rendered":"http:\/\/www.1k-asia.com\/?page_id=105"},"modified":"2022-02-11T11:09:25","modified_gmt":"2022-02-11T10:09:25","slug":"business-development","status":"publish","type":"page","link":"https:\/\/www.1k-asia.com\/index.php\/business-development\/","title":{"rendered":"Business development Asie"},"content":{"rendered":"\n<div class=\"wp-block-themeisle-blocks-advanced-columns has-1-columns has-desktop-equal-layout has-tablet-equal-layout has-mobile-equal-layout has-default-gap has-vertical-unset\" id=\"wp-block-themeisle-blocks-advanced-columns-e5ae96c6\"><div class=\"wp-block-themeisle-blocks-advanced-columns-overlay\"><\/div><div class=\"innerblocks-wrap\">\n<div class=\"wp-block-themeisle-blocks-advanced-column\" id=\"wp-block-themeisle-blocks-advanced-column-64a9833e\"><\/div>\n<\/div><\/div>\n\n\n\n<h2>Le business development, de quoi s&rsquo;agit-il?<\/h2>\n\n\n\n<p>C&rsquo;est le nom \u00e0 la mode de la vente. Mais en fait, historiquement ce terme fait r\u00e9f\u00e9rence \u00e0 des activit\u00e9s strat\u00e9giques. Il s&rsquo;agit de mettre en place des collaborations \u00e0 fort potentiel, soit avec des clients (vente directe) ou avec des distributeurs (vente indirecte), soit \u00e9ventuellement avec des prescripteurs. Il peut \u00e9galement s&rsquo;agir de cr\u00e9er des alliances avec d&rsquo;autres acteurs compl\u00e9mentaires sur le march\u00e9, mais toujours dans un contexte commercial (ventes). <\/p>\n\n\n\n<p>L&rsquo;objectif final c&rsquo;est la croissance forte du CA, gr\u00e2ce \u00e0 des actions qui g\u00e9n\u00e8rent une forte contribution unitaire en termes de revenus. <\/p>\n\n\n\n<h2>A qui s&rsquo;adresse notre programme 1KSilkRoad BD?<\/h2>\n\n\n\n<p>A toutes les entreprises qui ont un produit fortement diff\u00e9renci\u00e9 (innovation, marque&#8230;) et qui veulent se d\u00e9velopper sur leurs march\u00e9s entre la France et la Chine. <\/p>\n\n\n\n<h2>Comment se passe notre programme 1KSilkRoad BD?<\/h2>\n\n\n\n<p>Tout d\u2019abord il s\u2019agit d\u2019un programme d\u00e9di\u00e9. En effet cette d\u00e9marche rev\u00eat souvent un caract\u00e8re strat\u00e9gique. Et par cons\u00e9quent confidentiel. <\/p>\n\n\n\n<p>Votre entreprise nomme un point de contact avec lequel nous allons travailler (souvent un membre de l\u2019\u00e9quipe commerciale, le directeur commercial, ou un membre du comit\u00e9 de direction suivant la taille de l\u2019entreprise et le niveau strat\u00e9gique de la mission). Il sera notre interlocuteur principal, et votre chef de projet.<\/p>\n\n\n\n<p>Le programme s&rsquo;articule autour des phases suivantes :<\/p>\n\n\n\n<ul><li><strong>cadrage de la mission<\/strong> : d\u00e9finition des p\u00e9rim\u00e8tres produits et g\u00e9ographies, objectifs commerciaux vis\u00e9s, profil des clients, distributeurs cibl\u00e9s&#8230;<\/li><li><strong>pr\u00e9paration de la campagne<\/strong> : identification des contacts potentiels via r\u00e9seaux sociaux et fichiers de prospection, d\u00e9finition des cibles strat\u00e9giques et secondaires, identification du paysage concurrentiel, d\u00e9finition des axes de communication adapt\u00e9s au march\u00e9 vis\u00e9, proposition de valeur&#8230;, mise en place des outils de social selling et marketing automation<\/li><li><strong>lancement et d\u00e9roulement de la campagne<\/strong> : g\u00e9n\u00e9ration des leads via les moyens d\u00e9finis, traitement des leads (qualification des prospects, pr\u00e9sentation approfondie, d\u00e9monstration avec le concours de votre \u00e9quipe avant-vente, n\u00e9gociation contractuelle, closing, suivi des livraisons et des r\u00e8glements, win\/loss reviews) <\/li><li><strong>suivi des r\u00e9sultats, reporting<\/strong> : via CRM, m\u00e9thode type Spanco adapt\u00e9e, et point hebdomadaire<\/li><\/ul>\n\n\n\n<h2>Pourquoi confier le business development \u00e0 1K Asia?<\/h2>\n\n\n\n<p>Nous apportons notre maitrise des approches commerciales strat\u00e9giques, quelles soient terrain ou via les outils digitaux, et notre capacit\u00e9 \u00e0 traiter avec des d\u00e9cideurs de haut niveau, avec une dimension multiculturelle. <\/p>\n\n\n\n<div class=\"wp-block-buttons\">\n<div class=\"wp-block-button\"><a class=\"wp-block-button__link has-luminous-vivid-orange-to-vivid-red-gradient-background has-background\" href=\"https:\/\/www.1k-asia.com\/#contact\">Cliquez ici pour nous contacter<\/a><\/div>\n<\/div>\n","protected":false},"excerpt":{"rendered":"<p>Le business development, de quoi s&rsquo;agit-il? C&rsquo;est le nom \u00e0 la mode de la vente. Mais en fait, historiquement ce terme fait r\u00e9f\u00e9rence \u00e0 des activit\u00e9s strat\u00e9giques. Il s&rsquo;agit de mettre en place des collaborations \u00e0 fort potentiel, soit avec des clients (vente directe) ou avec des distributeurs (vente indirecte), [&hellip;]<\/p>\n","protected":false},"author":1,"featured_media":173,"parent":0,"menu_order":0,"comment_status":"closed","ping_status":"closed","template":"","meta":[],"yoast_head":"<!-- This site is optimized with the Yoast SEO plugin v15.2.1 - https:\/\/yoast.com\/wordpress\/plugins\/seo\/ -->\n<title>Business development Asie - 1K Asia<\/title>\n<meta name=\"robots\" content=\"index, follow, max-snippet:-1, max-image-preview:large, max-video-preview:-1\" \/>\n<link rel=\"canonical\" href=\"http:\/\/www.1k-asia.com\/index.php\/business-development\/\" \/>\n<meta property=\"og:locale\" content=\"fr_FR\" \/>\n<meta property=\"og:type\" content=\"article\" \/>\n<meta property=\"og:title\" content=\"Business development Asie - 1K Asia\" \/>\n<meta property=\"og:description\" content=\"Le business development, de quoi s&rsquo;agit-il? C&rsquo;est le nom \u00e0 la mode de la vente. Mais en fait, historiquement ce terme fait r\u00e9f\u00e9rence \u00e0 des activit\u00e9s strat\u00e9giques. Il s&rsquo;agit de mettre en place des collaborations \u00e0 fort potentiel, soit avec des clients (vente directe) ou avec des distributeurs (vente indirecte), [&hellip;]\" \/>\n<meta property=\"og:url\" content=\"http:\/\/www.1k-asia.com\/index.php\/business-development\/\" \/>\n<meta property=\"og:site_name\" content=\"1K Asia\" \/>\n<meta property=\"article:modified_time\" content=\"2022-02-11T10:09:25+00:00\" \/>\n<meta property=\"og:image\" content=\"https:\/\/www.1k-asia.com\/wp-content\/uploads\/2020\/10\/BD2.jpg\" \/>\n\t<meta property=\"og:image:width\" content=\"943\" \/>\n\t<meta property=\"og:image:height\" content=\"245\" \/>\n<meta name=\"twitter:card\" content=\"summary_large_image\" \/>\n<meta name=\"twitter:label1\" content=\"\u00c9crit par\">\n\t<meta name=\"twitter:data1\" content=\"admin7124\">\n\t<meta name=\"twitter:label2\" content=\"Dur\u00e9e de lecture est.\">\n\t<meta name=\"twitter:data2\" content=\"2 minutes\">\n<script type=\"application\/ld+json\" class=\"yoast-schema-graph\">{\"@context\":\"https:\/\/schema.org\",\"@graph\":[{\"@type\":\"WebSite\",\"@id\":\"https:\/\/www.1k-asia.com\/#website\",\"url\":\"https:\/\/www.1k-asia.com\/\",\"name\":\"1K Asia\",\"description\":\"Business development platform between France and China\",\"potentialAction\":[{\"@type\":\"SearchAction\",\"target\":\"https:\/\/www.1k-asia.com\/?s={search_term_string}\",\"query-input\":\"required name=search_term_string\"}],\"inLanguage\":\"fr-FR\"},{\"@type\":\"ImageObject\",\"@id\":\"http:\/\/www.1k-asia.com\/index.php\/business-development\/#primaryimage\",\"inLanguage\":\"fr-FR\",\"url\":\"https:\/\/www.1k-asia.com\/wp-content\/uploads\/2020\/10\/BD2.jpg\",\"width\":943,\"height\":245},{\"@type\":\"WebPage\",\"@id\":\"http:\/\/www.1k-asia.com\/index.php\/business-development\/#webpage\",\"url\":\"http:\/\/www.1k-asia.com\/index.php\/business-development\/\",\"name\":\"Business development Asie - 1K Asia\",\"isPartOf\":{\"@id\":\"https:\/\/www.1k-asia.com\/#website\"},\"primaryImageOfPage\":{\"@id\":\"http:\/\/www.1k-asia.com\/index.php\/business-development\/#primaryimage\"},\"datePublished\":\"2020-10-22T14:44:32+00:00\",\"dateModified\":\"2022-02-11T10:09:25+00:00\",\"inLanguage\":\"fr-FR\",\"potentialAction\":[{\"@type\":\"ReadAction\",\"target\":[\"http:\/\/www.1k-asia.com\/index.php\/business-development\/\"]}]}]}<\/script>\n<!-- \/ Yoast SEO plugin. -->","_links":{"self":[{"href":"https:\/\/www.1k-asia.com\/index.php\/wp-json\/wp\/v2\/pages\/105"}],"collection":[{"href":"https:\/\/www.1k-asia.com\/index.php\/wp-json\/wp\/v2\/pages"}],"about":[{"href":"https:\/\/www.1k-asia.com\/index.php\/wp-json\/wp\/v2\/types\/page"}],"author":[{"embeddable":true,"href":"https:\/\/www.1k-asia.com\/index.php\/wp-json\/wp\/v2\/users\/1"}],"replies":[{"embeddable":true,"href":"https:\/\/www.1k-asia.com\/index.php\/wp-json\/wp\/v2\/comments?post=105"}],"version-history":[{"count":8,"href":"https:\/\/www.1k-asia.com\/index.php\/wp-json\/wp\/v2\/pages\/105\/revisions"}],"predecessor-version":[{"id":237,"href":"https:\/\/www.1k-asia.com\/index.php\/wp-json\/wp\/v2\/pages\/105\/revisions\/237"}],"wp:featuredmedia":[{"embeddable":true,"href":"https:\/\/www.1k-asia.com\/index.php\/wp-json\/wp\/v2\/media\/173"}],"wp:attachment":[{"href":"https:\/\/www.1k-asia.com\/index.php\/wp-json\/wp\/v2\/media?parent=105"}],"curies":[{"name":"wp","href":"https:\/\/api.w.org\/{rel}","templated":true}]}}